rst derivative of -t**3/3 - 11*t**2/2 - 8*t + 3. List the prime factors of q(-9).
2, 5
Suppose 0 = -7*p + 295 - 85. What are the prime factors of p?
2, 3, 5
Let k = 235 + -78. What are the prime factors of k?
157
Let w(k) = -13*k**2 - 33*k - 11. Let p(c) = -3*c**2 - 8*c - 3. Let g(q) = 9*p(q) - 2*w(q). What are the prime factors of g(-4)?
3
Let j = -31 - -72. List the prime factors of j.
41
Suppose -3*i - 5*x - 14 + 35 = 0, 12 = 4*x. Let j(g) = 2*g**2 - 2*g + 1. What are the prime factors of j(i)?
5
Let g(s) = 30 + s - 5*s + 4*s**2 - 31. List the prime factors of g(4).
47
Let d be ((-9)/(-6))/(6/(-8)). Let n be (2 - 3)/(d/(-6)). What are the prime factors of 1 - ((-6)/n + -8)?
7
Let g be 1*(2 + 0 + 1). Suppose -g*a + 20 = 2*a. Suppose a*k - 24 = 2*k. What are the prime factors of k?
2, 3
Let y(l) = -4*l + 1 + 3*l + 2. What are the prime factors of y(-10)?
13
Let m(o) = o**2 - 10*o + 1. List the prime factors of m(18).
5, 29
Let y be ((-34)/6)/((-7)/63). Let i = y - 28. List the prime factors of i.
23
Let p(c) = -c**3 + c. Let m be p(0). Suppose v = -3*g + 6, m*v = -3*g + 2*v + 6. Let r = g + 1. List the prime factors of r.
3
Suppose 0 = 5*i + 3*m - 126, -4*m - 139 - 8 = -5*i. Let b be 3/6 + i/6. Suppose -b = 5*v, 5*t + 6*v = 3*v + 42. What are the prime factors of t?
3
Let y be 7*(1 - (-33)/21). Let x = y + -11. Suppose 2*o - x = -0*o - h, -2*o - 4*h = 2. What are the prime factors of o?
5
Let o(k) = -36*k - 36. What are the prime factors of o(-5)?
2, 3
Suppose 6*z = 4*z + 268. What are the prime factors of z?
2, 67
Let r be -2*267/(-12)*2. Let i = -51 + r. What are the prime factors of i?
2, 19
Let v(o) = -o**3 + 5*o**2 - 5*o + 3. Let g be v(3). Let d = g - 1. List the prime factors of d.
5
Let v = 5 - 3. Suppose 0 = v*j - 0*j - 4. Suppose -2*c - j*c = -16. List the prime factors of c.
2
Suppose -x = -6 + 24. Suppose 0 = 5*t - 2*d + 50, -4*d - d - 25 = 0. Let q = t - x. List the prime factors of q.
2, 3
What are the prime factors of 1/3 + (-262)/(-6)?
2, 11
Let v = 2 - -47. List the prime factors of v.
7
List the prime factors of (123/12 + 2)*4.
7
Suppose -m = -4*m - 24. Let a = -5 - m. Suppose -a*b = -0*b - 12. What are the prime factors of b?
2
Suppose 0*m + 105 = 3*m. What are the prime factors of m?
5, 7
Let f(o) = -5*o**2 + 6*o**2 - 2*o + 10*o + 10 + 3*o. What are the prime factors of f(-13)?
2, 3
Let n(o) be the first derivative of o**3/3 - 23*o + 1. Let r be n(0). Let g = -14 - r. List the prime factors of g.
3
Let a be (10/4)/((-2)/(-4)). Suppose 0 = -2*l - 5*g - 3, -a*g + 25 = 4*l + 6. What are the prime factors of l?
11
Let y be (-47)/(-4)*(-8)/(-1). Let m = y + -24. Suppose -4*z = -9*z + m. What are the prime factors of z?
2, 7
Let d(q) be the third derivative of -11*q**6/120 - q**5/60 + q**4/24 + q**3/6 + 2*q**2. Let o = -1 - 0. List the prime factors of d(o).
2, 5
Suppose -5*l - 28 - 12 = 0. Let d(i) = -3*i + 11. Let b(g) = g. Let h(w) = 4*b(w) + d(w). List the prime factors of h(l).
3
Let w be ((-2)/4)/(6/(-24)). Let f(b) = b**2 + 6*b + 7. Let d be f(-5). Suppose d*l = -w*l + 64. What are the prime factors of l?
2
Let j(p) = 4*p - 1. Let o be j(1). Let k(m) = 2*m - 3. Let v be k(2). What are the prime factors of 9/1 - (v - o)?
11
Suppose 609 = 2*n + n - 2*z, -2*n = 4*z - 406. List the prime factors of n.
7, 29
Let x = 9 + -4. Let p(n) = 2*n**2 + 2*n - 1. Let c be p(1). Suppose 3 = -k - x*r, 0 = c*k - r - 5 - 2. List the prime factors of k.
2
Suppose -2*r = -4, 8*r - 10 = p + 3*r. Suppose -61 = -p*o - 4*o - 5*n, 0 = -5*o - 3*n + 60. Let z = 3 + o. What are the prime factors of z?
2, 3
Let h = 4 + -2. Suppose 12 = -h*i + 4*y, -2*i - 16 = -3*y - 5. What are the prime factors of ((-14)/6)/(i/12)?
7
Suppose -9*d + 612 = -990. What are the prime factors of d?
2, 89
Let o = -10 + 15. What are the prime factors of o?
5
Let x(t) = t + 2. Let z be x(7). Let m = -5 + z. Suppose -m*i + 2*i = -34. What are the prime factors of i?
17
Let z be 0/(-1) + (2 - 2). Let y = z + 8. What are the prime factors of y?
2
Let l = -1 - -8. List the prime factors of l.
7
Suppose -4*c + 4 = -2*c. Suppose -3*b = 4*r + 26, c*b = 4*r - b + 14. Let w(d) = d**2 + 3*d - 5. List the prime factors of w(r).
5
Let m be 3*((-11)/(-3) - -3). Suppose -m = 4*u - 60. What are the prime factors of u?
2, 5
Suppose 0 = 4*l - 4*m + 2*m - 42, 5*l - 54 = 4*m. List the prime factors of ((-15)/l)/(2/(-12)).
3
Let a = 45 - 32. List the prime factors of a.
13
Suppose -x + 0*x = 5, 5*x = -z + 28. List the prime factors of z.
53
Let n be -4*(-3)/6 - 1. Suppose 5*l + p - n = 5, -3*p - 2 = 5*l. Suppose l = -4*o + 54. What are the prime factors of o?
13
Let c = -8 + 24. Let v = c + -7. List the prime factors of v.
3
What are the prime factors of (-13*(-2)/(-2))/((-7)/77)?
11, 13
Suppose 0 = -3*k + 4*d - 3, 3*d + 7 = 16. Suppose -66 = 4*g - k*c - 289, 0 = -c - 5. What are the prime factors of g?
2, 13
Let r(i) be the first derivative of -i**5/60 + 7*i**4/24 + i**2/2 - 2. Let y(z) be the second derivative of r(z). What are the prime factors of y(6)?
2, 3
Let w = 990 + -647. What are the prime factors of w?
7
Suppose -20 = -i + 3. Let r = 15 - 10. Suppose o + z - 5*z - i = 0, -23 = -r*o - 3*z. What are the prime factors of o?
7
Let j = -4 + 8. Suppose 4*h - h = j*s + 91, -2*h + 70 = 2*s. Let v = h - 22. List the prime factors of v.
11
Suppose 2*w = w + 7. Suppose 0 = 5*p - 20, 2*x - 2*p + w*p + 30 = 0. What are the prime factors of 4/(-10) - 60/x?
2
Let a(u) = u**2 + 6*u - 4. Let w be a(-6). Let v(n) = -4*n + 4. Let k be v(w). Suppose -6*f + f + k = 0. What are the prime factors of f?
2
Suppose d - 19 - 10 = 0. List the prime factors of d.
29
Let c be -2 + 0 + -11 + 1. Let u be c/(-15) + (-1)/(-5). What are the prime factors of (u + -2)*13*-1?
13
Suppose 6*h - 44 = 4*h. List the prime factors of h.
2, 11
Suppose 7 = -2*u + 39. What are the prime factors of u?
2
Let c = -1 + 1. Let x = 7 + c. Suppose -5*a + x + 3 = 0. List the prime factors of a.
2
Let j = 28 - -36. What are the prime factors of j?
2
Suppose 3*o = k + 3*k, -k + 23 = 5*o. List the prime factors of o.
2
Let y(x) = 2*x**2 - x - 3. Let h = -5 - -9. Let c be y(h). Suppose -5*d + 5*o = -c, 8 = d - 4*o + 6*o. List the prime factors of d.
2, 3
Suppose w = -3*d + 169, 2*w + 2*w = -4*d + 228. What are the prime factors of d?
2, 7
Suppose 5*y = y + 20. Let v = -20 + y. Let x = 25 + v. What are the prime factors of x?
2, 5
Let f(d) = d**2 - 7*d + 2. Let m be f(6). List the prime factors of 35*((-8)/5)/m.
2, 7
Suppose -3*z - 2*p + 10 = 0, 4*z + 2*p - 13 = -p. Suppose 0 = -z*v + 71 - 23. What are the prime factors of v?
2, 3
Suppose -2*f + 6 = -18. Let n = f + 14. List the prime factors of n.
2, 13
Let t be (1 + 7)*1/2. Let z = 10 - 6. Suppose -6 - 10 = -t*v + z*w, 2*w - 24 = -2*v. List the prime factors of v.
2
Let r(v) = -2*v**3 + 6*v**2 + 6*v - 4. Let z(s) = 5*s**3 - 19*s**2 - 19*s + 11. Let n(b) = 8*r(b) + 3*z(b). List the prime factors of n(-8).
3
Suppose -1208 = -12*h - 116. List the prime factors of h.
7, 13
Let a(b) = -b**3 + b**2 - 3 - 4 + b + 6. Let v be (1/(-2))/((-4)/(-16)). What are the prime factors of a(v)?
3
Let j(p) = -2*p - 3 + 0 + 0. Let o be j(-7). Suppose 5*a = o + 19. What are the prime factors of a?
2, 3
Suppose 6*p - 4*p - 34 = 0. Let q be 42*(-3)/(-6) - -3. Let h = q - p. What are the prime factors of h?
7
Suppose -5*u + 68 + 107 = 0. Let w = -25 + u. What are the prime factors of w?
2, 5
Suppose -3*w - 4*v = 13, -9 = w - 2*v + 12. Let p = 18 + w. Suppose -9 = -5*b - 4*s + p, 3*b - 3*s - 15 = 0. List the prime factors of b.
2
Let k = 0 - -6. Let c be (-99)/(-2) - k/4. Suppose 0 = b - 5*b + 2*a + 54, -5*b - 4*a = -c. What are the prime factors of b?
2, 3
List the prime factors of 4/(-22) + (-4)/((-132)/1953).
59
Let f(x) = x**2 - 7*x - 8. Let r be f(8). Suppose r = -5*g + 92 - 22. List the prime factors of g.
2, 7
Suppose -w + 5*h = 9, h = 3*w + 6*h - 53. What are the prime factors of w?
11
Suppose -2*c + 5*c = -21. Let u(y) be the first derivative of -y**4/4 - 2*y**3 + 3*y**2 + 5*y - 1. What are the prime factors of u(c)?
2, 3
Let f(k) = 4*k + 18. Let q(j) = 3*j + 17. Let r(t) = 2*f(t) - 3*q(t). Let a be r(0). List the prime factors of 1/3*(-6 - a).
3
Suppose 2*h - 54 = 4*m, h + m + 2*m - 12 = 0. Let o = 37 -